) = -11*g + 5. Let w = -4 + 17. Let i(m) = -15*m - 81. Let h be i(-5). Let u(r) = h*o(r) + w*v(r). Calculate u(-4).
5
Let o(z) = 2*z - 30. Let s = 1409 - 1394. Give o(s).
0
Suppose 0*w + 7 = 7*w. Let z(p) = p**3 - p**2 - 1. Let g be z(w). Let u(q) = -13*q**3 + q**2 + q. What is u(g)?
13
Let m = 1 + -1. Let u(p) be the first derivative of -22 + 0*p - 1/3*p**3 - 1/2*p**2. Give u(m).
0
Suppose 16 = -2*v + 4*v. Suppose -v = -u + 2*x, -3 = 5*u - 3*x - 15. Let w(s) = 2*s**3 + u*s**3 + 7*s**2 - 3*s**3 + s - 3. Determine w(7).
4
Let w(i) = 24*i + 6 + 24*i - 41*i. Calculate w(2).
20
Let w(a) be the first derivative of -4 + 10/3*a**3 + 0*a**2 - a. Give w(-1).
9
Let y(l) = 4*l + 6. Let w(z) = -z**3 - 8*z**2 - 12*z + 4. Let t be w(-6). Let b = 0 - t. Give y(b).
-10
Suppose -r - 28 = r. Let g be (1/(-3) - (-48)/18)*18. Let w be 306/g - (-4)/r. Let a(x) = -x**3 + 8*x**2 - 7*x - 6. What is a(w)?
-6
Let b(m) be the first derivative of -m**2/2 + 4*m - 1. Let s be (-12)/((-2 + 1)/1). Suppose -5*u = -h + s + 12, -8 = 3*h + 5*u. What is b(h)?
0
Let f(w) be the first derivative of -11*w**2/2 - 2*w + 714. Give f(3).
-35
Let u(l) = -l**2 + 3*l - 2. Let y be u(2). Suppose -2*t - 4*z = -5*z - 9, 0 = -t + z + 6. Let q(g) = -g - g**2 + 4 + 2 + 2 + g**t + 0. Calculate q(y).
8
Let h = -101 - -105. Let b(s) = s**2 - 4*s + 4. What is b(h)?
4
Let g(x) be the first derivative of -x**3/3 + 2*x**2 - 4*x + 381. Give g(4).
-4
Let y(v) = -6*v**3 + 7*v**2 - 11*v - 4. Let g(h) = -h**3 - h - 1. Suppose 5*n = -5*j + 8*j + 20, 0 = -5*n + 5. Let q(p) = j*g(p) + y(p). Calculate q(6).
1
Let c(u) = u + 11. Let g(p) = -3*p + 2. Let z(b) = -c(b) + 5*g(b). Determine z(2).
-33
Let n(f) = 3*f + 2. Let k(o) = -o - 11. Let l(t) = k(t) + n(t). Determine l(5).
1
Let r be 5*(21/(-30))/(1/(-2)). Let z(g) = 10 + 2*g - g - 7*g**2 - 5*g**3 + g**3 + 5*g**3. Give z(r).
17
Let a = 13 - -19. Let o = a + -31. Let b(i) = 10*i**2 + i - 1. Determine b(o).
10
Let y = 78 + -76. Let h(r) = r - 1. Let i be h(3). Let l(s) = 4*s - 6 + i + 3 - s**2. What is l(y)?
3
Let j(n) be the second derivative of 0 + 5/6*n**3 + 1/2*n**2 - 14*n. Determine j(-1).
-4
Let w(u) = 24*u**2 - 2*u + 1. Let k be w(1). Let o = k + -23. Let d(a) = 21*a + 2 + 2 + o*a**2 - 24*a - 2*a**2. Give d(-3).
-5
Let r(s) be the second derivative of s**5/20 + 2*s**4/3 - s**3/3 - 7*s**2/2 - 19*s. Suppose 0 = -0*x - 9*x - 72. Determine r(x).
9
Let f be 4/34 + 1613/17. Suppose 0 = 11*u + f - 18. Let o(t) = -t**2 - 9*t - 9. What is o(u)?
5
Suppose -2*s = -y + 15, 5*y - 3*y = -s + 10. Let v(c) = -c**2 + 6*c + 10. Let z be v(y). Let w(l) = -l**2 + l - 3. Determine w(z).
-9
Let n(u) = u**2 + 11*u - 23. Let z(k) = -3*k**2 - 21*k + 47. Let l(m) = 5*n(m) + 2*z(m). Let v be l(12). Let f(j) = -j - 14. Calculate f(v).
-5
Let k be -2 + 2 + 3 + 2. Let w(p) be the second derivative of p**6/120 - p**5/12 - 5*p**3/6 - p**2 - 7*p. Let l(s) be the first derivative of w(s). Give l(k).
-5
Let k(s) = -3*s**3 + 2*s**2 - 1. Let r be k(-1). Let n(b) = -3*b**2 - 3*b**3 + 5*b - 2*b**2 + r*b**3 - 4 + 8. Let x = 132 + -128. Calculate n(x).
8
Let z be 12/(-2) + 2 - -4. Suppose z = 5*h + h + 36. Let m(d) = d**3 + 6*d**2 + 2*d + 9. Determine m(h).
-3
Let v be (-4)/(-10)*(-10)/(-2). Let h(t) = 3*t**2 + t - 2. Let u(a) = a**2 - 1. Let m(q) = h(q) - u(q). Give m(v).
9
Let u(q) be the first derivative of -q**4/4 + q**3 + q**2/2 - 4*q - 116. What is u(4)?
-16
Suppose 7*t = 401 + 376. Let a = 105 - t. Let y(z) = 2*z + 3. What is y(a)?
-9
Let v = -106 - -106. Let p(t) = 3020 - 7*t**2 + v*t - 3019 + 0*t. Calculate p(1).
-6
Suppose -4*m = -j - 8*m + 33, -2*j - 3*m = -46. Let n(q) = 3*q - 42. What is n(j)?
9
Let j(s) = s - 13. Let q be 0*(7 + 154/(-21)). Give j(q).
-13
Suppose -a + 7*a = 30. Let v(b) = 5*b - 1 + 4*b**2 - 6*b**2 + b**3 - 4*b**2. Give v(a).
-1
Let y(l) = -l**3 + 9*l**2 + 11*l - 5. Let m be y(10). Let c be 4 + (12/3 - m). Let a(t) = -t + 5. Determine a(c).
2
Let n(h) = 11*h + 54. Let b(d) = 24*d + 113. Let i(x) = 6*b(x) - 13*n(x). What is i(12)?
-12
Let p(z) = 2*z - 21. Let k(o) = -3*o + 41. Let x(r) = -4*k(r) - 9*p(r). What is x(11)?
-41
Let u(v) be the second derivative of v**5/20 - v**4/12 - v**3/6 - 82*v. Give u(-2).
-10
Let r(a) = -a - 2. Let w(b) = 6*b - 32. Let m be w(6). Suppose -q + m*q = -k + 23, 5*q = 5*k + 5. What is r(q)?
-8
Suppose -2680 = v - 2679. Let i(m) = 4*m**3 - 2*m**2 + 1. Calculate i(v).
-5
Suppose 0 = 2*k + y - 0*y - 1, 0 = -y + 3. Let c(v) = 3*v**2 - v - 1. Let h be c(k). Let q(t) = -4*t**2 + 5 + 7*t + 17*t**3 - t**2 - 18*t**h. What is q(-6)?
-1
Let u(d) = 9*d - 46. Let h(t) = 10*t - 47. Let s(p) = -5*h(p) + 6*u(p). Let k be s(10). Let z(l) = 3 + 4*l - 3. Calculate z(k).
-4
Let d(m) = -2*m + 1. Suppose 8 = -5*f + 5*b - 7, 0 = f - 4*b + 18. Let z(s) = 99 + 6*s + 2*s**f + 0*s - 104. Let u be z(-4). Determine d(u).
-5
Let q(y) be the third derivative of -y**8/20160 - y**7/5040 + y**6/144 - y**5/20 + 7*y**2. Let f(s) be the third derivative of q(s). Give f(0).
5
Let w(l) = 3*l + 9. Let c(d) = 26*d + 76. Let o(y) = -2*c(y) + 17*w(y). Let t be -2 - (2 + 2 + 0). Determine o(t).
7
Let n(j) = j. Suppose -8 = -6*m - 2. What is n(m)?
1
Let g(z) be the first derivative of -z**3 + z**2 - 2. Let h be ((-18)/24)/(1/(-8)). Let t(b) = 4*b**2 - 3*b. Let n(v) = h*g(v) + 5*t(v). What is n(3)?
9
Let b(a) = -6*a - 52. Let g be 60/6*(-1 - 0). Give b(g).
8
Let w(k) be the second derivative of k**4/3 - k**3 + 7*k**2/2 + 904*k. What is w(2)?
11
Let v(p) = -p**2 + 3*p + 3. Suppose 0 = 2*b - 8, -2*b = -n - 3*b + 136. Let o = -128 + n. Give v(o).
-1
Let p(q) be the second derivative of -q**4/12 - q**3 - 7*q**2/2 - 43*q. Determine p(-4).
1
Let f(b) = b + 4. Let s = 11 - 11. Suppose -5*h + 15 = -s*h. Determine f(h).
7
Let f(i) = i**3 + 6*i**2 + 5*i + 3. Suppose 4*b = 3*g - 7, 3*g + 29 = -3*b - 2*b. Calculate f(g).
15
Let k(h) = h + 17. Suppose 0 = 5*p - n + 3*n + 37, -3*n = -p - 4. What is k(p)?
10
Let q(v) be the second derivative of v**8/6720 + v**7/840 - v**5/40 - 7*v**4/12 - 10*v. Let b(t) be the third derivative of q(t). Determine b(-3).
-3
Suppose 3*s = -m - 14, -15 = 2*s - 5*m - 0. Let i(y) be the first derivative of 3 + 1/4*y**4 + 1/2*y**2 + 0*y + 5/3*y**3. Calculate i(s).
-5
Suppose -i = -4*v + 12, 14 - 5 = 3*v + 4*i. Let j(u) be the third derivative of 0*u - 1/4*u**4 + 2*u**2 - u**v - 1/60*u**5 + 0. Determine j(-4).
2
Let w(g) = -1. Let q(k) = 4*k - 12. Let o(m) = -q(m) + 8*w(m). Suppose 0 = -9*n + 10*n - 6. Suppose 5*u - 2*s - 7 = 0, -4*s + n + 4 = -2*u. Determine o(u).
-8
Let m(k) = -20*k**3 + 4*k**2 - 5*k + 5. Let o(z) = -21*z**3 + 5*z**2 - 6*z + 6. Let v(f) = 6*m(f) - 5*o(f). Calculate v(-1).
14
Let x(a) = 68*a + 6. Let o(p) = 4*p - 3. Let t(z) = -2*o(z) - x(z). Determine t(1).
-76
Let w(i) = -i**3 - 7*i**2 - 6*i + 3. Suppose -6*t - 70 = -286. Let k = t + -41. Give w(k).
-17
Let z = 48 - 53. Let s(m) = 5 - 1 + 6*m - 3 - 3 + m**2. What is s(z)?
-7
Let y(h) = 4*h**2 + h. Let u be 44/36*1 + 6/(-27). Suppose 0 = -m - v - u, -4*m + 4*v - 1 = -3*m. Give y(m).
3
Suppose 3*b - 2 = -3*o - 11, -5*o = -4*b - 30. Let x(u) = -6*u + u - 3*u + 3*u. What is x(o)?
-10
Let r(k) = -17 + 20*k - 3085*k**2 + 6181*k**2 - 3098*k**2. Give r(8).
15
Let w(l) = 6*l**2 - 5*l**2 - 2973 - 7*l + 2963. Calculate w(9).
8
Let s(i) = -2*i**3 - 5*i**2 - 6*i - 2. Suppose 11*p = 19*p + 16. Give s(p).
6
Suppose 0*v - 16 = -2*v. Let q(m) be the third derivative of -m**5/60 + 3*m**4/8 - 2*m**3 - 3*m**2 + 7*m. Give q(v).
-4
Let y(t) = -3*t**2 + 6*t**2 + t**2 - 4 + t**3. Let f be y(-3). Let x(b) = 1462*b + 5 - 2918*b + 1454*b. Give x(f).
-5
Suppose -j = 2*a - 5, 20 = 4*j - 2*a - 2*a. Let n(f) = 4*f + 35. Let p(g) = 5*g + 42. Let i(o) = 6*n(o) - 5*p(o). Determine i(j).
-5
Let v(m) = -m - 7. Let s(q) = -6*q + 26. Let k be s(3). Calculate v(k).
-15
Let k(i) be the third derivative of 3*i**5/20 + i**2. Let o = 0 - -1. What is k(o)?
9
Let q(u) = u**3 - 8*u**2 - u + 1. Suppose 9*r + 47*r - 448 = 0. Determine q(r).
-7
Let t(u) = -1027 + u**2 + 3*u + 1031 - u. Let w(a) = -a + 2. Let n be w(0). Suppose n*y = -2*y - 12. What is t(y)?
7
Let t(i) = 3*i**2 - 6*i**2 + 4*i**2 + 0*i**2 - 9 + 4. What is t(-4)?
11
Let x(u) = 3*u - 3. Let d = 93 - 58. Suppose -p = -6*p - d. Let f be p/(-4) - (-3)/12. What is x(f)?
3
Let u = 9 + -9.